126).
-5
Let o(c) = -3*c**2 - 2131*c - 57295. Give o(-28).
21
Let n(q) = 188*q + 116. What is n(-6)?
-1012
Let z(w) = 6791*w**2 - 47537*w - 71. Determine z(7).
-71
Let q(w) = w**3 - 1119*w**2 - 4471*w - 23528. Calculate q(1123).
55
Let g(s) = s**3 - 206*s**2 + 6251*s + 377. What is g(169)?
39
Let o(b) = -b**3 - 22*b**2 + 758*b - 3483. Calculate o(14).
73
Let g(p) = -4*p**3 - 7*p**2 + 347*p - 348. Calculate g(1).
-12
Let r(h) = 529*h**3 + 7*h**2 + 83*h - 90. Calculate r(1).
529
Let x(a) = -7*a**3 + 110*a**2 + 8*a - 43. Give x(15).
1202
Let s(w) = w**3 - 207*w**2 - 1502*w + 805. Determine s(214).
-51
Let v(z) = -2*z**3 - 149*z**2 - 879*z + 268. Calculate v(-68).
-72
Let r(z) = -2286*z - 210300. Give r(-92).
12
Let w(k) = -k**3 + 20*k**2 - 92*k + 1062. Give w(15).
807
Let j(a) = 15*a**2 - 1291*a + 10414. Give j(9).
10
Let c(p) = p**3 + 14*p**2 - 29*p - 305. What is c(-12)?
331
Let z(o) = -3739*o - 18512. Determine z(-5).
183
Let c(u) = -285861*u - 571752. Calculate c(-2).
-30
Let i(p) = -4*p**3 + 15*p**2 + 35*p - 29. Give i(10).
-2179
Let w(y) = -3915*y - 46930. Determine w(-12).
50
Let q(b) = b**3 + 14*b**2 - 173*b + 66. Determine q(-22).
0
Let v(n) = -88*n**2 - 357*n - 1377. Determine v(-4).
-1357
Let l(z) = 159*z**2 + 6991*z - 225. Calculate l(-44).
-5
Let z(j) = 3*j**3 + 13*j**2 - 11*j - 44. Give z(-5).
-39
Let f(r) = 2366*r - 21174. Determine f(9).
120
Let l(t) = -72*t**2 - 74*t + 261. Determine l(5).
-1909
Let k(z) = 3*z**2 - 1268*z + 6258. Calculate k(5).
-7
Let c(g) = -61726*g + 6419496. Determine c(104).
-8
Let l(p) = p**2 - 31498*p + 440772. Give l(14).
-4
Let g(b) = -3*b**2 - 175*b - 3307. Give g(-18).
-1129
Let i(c) = 150*c - 4851. Give i(33).
99
Let u(m) = -m**3 + m**2 + 458*m - 59. Calculate u(-18).
-2147
Let q(a) = 3*a**3 + 12*a**2 + 16*a + 99. Determine q(-7).
-454
Let k(m) = 2*m**2 - 112*m + 1003. Give k(45).
13
Let f(v) = 316*v + 7367. Determine f(-25).
-533
Let v(h) = -h**3 - 8*h**2 - 1898*h - 13353. Determine v(-7).
-116
Let p(k) = 2*k**3 + 35*k**2 - 49*k - 289. Give p(-18).
269
Let q(i) = -2*i**3 - 337*i**2 + 31604*i - 60415. Determine q(-236).
1
Let o(r) = r**3 - 44*r**2 + 1505*r - 105051. Determine o(53).
-5
Let q(b) = b**2 - 486*b - 117327. What is q(-177)?
24
Let a(t) = -78*t**3 - 512*t**2 + 254*t + 137. Calculate a(-7).
25
Let l(w) = 116*w**2 + 10464*w + 2149. Give l(-90).
-11
Let b(s) = -2560*s - 30835. Calculate b(-12).
-115
Let c(u) = -u**2 - 385*u + 7746. Give c(20).
-354
Let r(l) = -64*l**3 - 49*l**2 + 97*l + 1. Determine r(2).
-513
Let u(d) = d**2 - 42*d - 92722. Determine u(326).
-138
Let v(w) = -168944*w - 2196308. Calculate v(-13).
-36
Let v(x) = 4*x**2 - 458*x - 27450. What is v(158)?
42
Let y(r) = 2*r**2 - 41258*r - 1198156. Determine y(-29).
8
Let c(q) = -7708*q + 107825. Determine c(14).
-87
Let f(h) = h - 73. Give f(89).
16
Let l(i) = -2*i**3 + 29*i**2 - 61*i + 574. Determine l(10).
864
Let y(p) = 11*p**2 + 88*p - 561. What is y(4)?
-33
Let t(i) = -1609*i + 197828. Give t(123).
-79
Let u(p) = 5243*p + 209711. What is u(-40)?
-9
Let r(i) = -2*i**2 - 50*i + 257. Determine r(5).
-43
Let z(x) = -268*x - 19174. Give z(-72).
122
Let d(y) = y**3 + 388*y**2 - 1541*y + 10578. Determine d(-392).
-6
Let a(v) = 2*v**3 + 132*v**2 + 2290*v + 9846. What is a(-41)?
6
Let x(n) = 9*n + 387. Determine x(1).
396
Let d(s) = -s**2 - 5458*s + 280966. Give d(51).
7
Let g(u) = -270*u + 77209. Give g(284).
529
Let g(w) = -18*w**2 - 11043*w - 11038. Calculate g(-1).
-13
Let n(o) = -492029*o - 3936326. What is n(-8)?
-94
Let r(y) = -6*y**2 + 7274*y + 7278. Calculate r(-1).
-2
Let k(h) = -9*h**2 + 351*h + 28446. What is k(-40)?
6
Let t(m) = 2*m**3 - 178*m**2 + 183*m - 572. Determine t(88).
44
Let h(c) = c**3 - 64*c**2 + 790*c + 114. Give h(48).
1170
Let d(x) = 28194*x + 310338. Calculate d(-11).
204
Let t(v) = 15*v**2 + 191*v - 2646. Calculate t(-21).
-42
Let q(n) = 2*n**3 - 1195*n**2 - 263806*n + 29988. Calculate q(769).
-3
Let k(t) = -462*t + 10495. Determine k(24).
-593
Let t(y) = -2211*y + 294064. What is t(133)?
1
Let d(i) = 2*i**3 + 823*i**2 - 349*i + 25942. What is d(-412)?
-14
Let m(i) = 18*i**2 - 959*i + 602. Calculate m(52).
-594
Let o(a) = -a**2 - 2071346*a - 8285363. Calculate o(-4).
5
Let j(n) = 2*n**3 - 132*n**2 - 364*n + 58. Give j(-3).
-92
Let v(j) = j**3 - 129*j**2 - 254*j - 951. Determine v(131).
97
Let d(i) = 47*i**2 - 569*i + 173. Determine d(12).
113
Let s(j) = 2177648*j - 4355277. Calculate s(2).
19
Let h(a) = -a**3 + 6*a**2 + 47. Give h(-9).
1262
Let f(t) = 764075*t + 5348532. What is f(-7)?
7
Let g(f) = -147*f**2 - 1875*f - 5966. What is g(-6)?
-8
Let m(n) = n**3 + 99*n**2 + 4*n - 23. Determine m(-99).
-419
Let s(g) = -250*g**3 + 6759*g**2 - 228*g - 69. Calculate s(27).
336
Let t(d) = d**2 + 6934*d - 180963. Give t(26).
-3
Let b(s) = -2*s**3 - 25*s**2 - 21*s + 208. What is b(-9)?
-170
Let k(a) = -4*a**2 - 721*a + 23281. Give k(28).
-43
Let x(h) = 2*h**2 - 730*h - 2979. Calculate x(-4).
-27
Let g(y) = -y**3 - 188*y**2 + 2585*y - 5802. Calculate g(-201).
-174
Let l(r) = 960*r + 3464. Give l(3).
6344
Let h(l) = -l**3 + 287*l**2 - 1779*l + 563. Calculate h(6).
5
Let d(h) = -30*h**3 - 13708*h**2 + 911*h - 643. Determine d(-457).
728
Let j(n) = -69*n**2 + 229*n + 657. Give j(5).
77
Let h(s) = 14200*s**2 + 198804*s + 48. Determine h(-14).
-8
Let j(d) = 5338*d - 480360. What is j(90)?
60
Let l(z) = 2*z**3 - 90*z**2 + 184*z - 564. Calculate l(43).
-48
Let u(g) = -4569*g - 397499. Calculate u(-87).
4
Let i(f) = 4*f**3 - 49*f**2 + 73*f - 202. What is i(11)?
-4
Let t(a) = 66*a**2 - 7519*a - 557. Calculate t(114).
13
Let l(h) = -3*h**2 + 174*h - 2203. Give l(12).
-547
Let m(h) = 14021*h - 126176. Give m(9).
13
Let n(v) = v**3 - 63*v**2 - 438*v - 9231. What is n(71)?
-1
Let g(c) = 16891*c + 151563. Calculate g(-9).
-456
Let n(t) = -t**2 + 78548*t - 1099493. Determine n(14).
-17
Let t(u) = -106*u**2 - 17288*u + 34578. Determine t(2).
-422
Let q(x) = -3*x**2 + 279*x + 1761. Determine q(74).
5979
Let g(s) = 3117*s + 24942. Give g(-8).
6
Let v(b) = 39*b**3 + 4*b**2 - 7. Determine v(3).
1082
Let o(p) = 89*p**2 + 1234*p - 1519. What is o(-15)?
-4
Let n(q) = -11*q**2 - 89*q + 90994. Calculate n(87).
-8
Let i(u) = -u**3 - 96*u**2 + 14080*u - 49. What is i(-176)?
-49
Let x(u) = u**3 + 70*u**2 + 945*u + 4399. Calculate x(-54).
25
Let x(w) = -163*w**3 - 2*w**2 + 678*w + 679. Calculate x(-1).
162
Let v(f) = -f**3 - 118*f**2 + 794*f + 1752. Determine v(8).
40
Let x(w) = -417*w - 31369. Give x(-75).
-94
Let t(q) = -145*q**2 - 1332*q - 3030. Determine t(-5).
5
Let i(k) = -350416*k + 4204980. Calculate i(12).
-12
Let p(j) = 12*j**2 - 550*j - 1415. Calculate p(47).
-757
Let u(p) = -p**3 - 8*p**2 - 15100*p - 166475. What is u(-11)?
-12
Let v(x) = 23*x**2 - 1002*x + 576. Determine v(43).
17
Let o(a) = 76656*a - 76643. What is o(1)?
13
Let a(u) = -334*u + 8211. Give a(24).
195
Let s(f) = -28*f**2 - 5938*f - 424. What is s(-212)?
0
Let h(r) = 1966*r - 615382. What is h(313)?
-24
Let s(y) = -3129*y**3 - 4*y**2 - 387*y + 390. Give s(1).
-3130
Let q(d) = 367*d**2 - 12138*d + 109. What is q(33)?
-782
Let z(u) = -5668*u - 22924. Determine z(-4).
-252
Let b(i) = -12*i**3 - 15*i**2 + 66*i - 3. Calculate b(4).
-747
Let c(r) = -r**2 - 604*r - 9918. Determine c(-17).
61
Let x(o) = 84*o - 1045. Determine x(5).
-625
Let i(g) = -115*g**3 - 575*g**2 - 34*g + 15. Give i(-5).
185
Let z(l) = 5744*l + 781248. Calculate z(-136).
64
Let i(f) = -f**3 - 65*f**2 + 883*f + 57389. Calculate i(-65).
-6
Let y(m) = 185*m**2 + 12*m - 7. What is y(2)?
757
Let d(z) = 4*z**2 + 106*z - 1416. Calculate d(-36).
-48
Let v(g) = -13*g**2 - 2734*g + 31615. Give v(11).
-32
Let l(i) = 534*i - 11572. Calculate l(21).
-358
Let n(l) = -l**3 + 11*l**2 + 129*l. Determine n(-8).
184
Let v(k) = 15*k**3 - k**2 + 244*k + 770. Determine v(-3).
-376
Let k(i) = -147*i - 10597. Give k(-73).
134
Let a(l) = -89*l + 1627. What is a(38)?
-1755
Let n(f) = -112*f**2 - 14114*f - 254. Calculate n(-126).
-2
Let y(g) = 4*g**3 + 27*g**2 + 8465*g + 59275. Give y(-7).
-29
Let i(t) = 3979*t - 12086. What is i(3)?
-149
Let q(o) = -2*o**2 - 516*o - 14082. Give q(-32).
382
Let x(t) = 75*t**2 - 4839*t - 15222. What is x(-3)?
-30
Let r(f) = -101*f**2 + 11512*f + 166. Calculate r(114).
-62
Let r(t) = 878*t + 35371